e 8, what is 4546 + 0?
4546
In base 2, what is -11 + -1101101011?
-1101101110
In base 16, what is -39d + -8?
-3a5
In base 15, what is 5 - 173?
-16d
In base 6, what is 14 + 4330?
4344
In base 13, what is 2a9 - 3?
2a6
In base 10, what is -9 - -252?
243
In base 2, what is 110100 - -1101110?
10100010
In base 14, what is 14b - 5?
146
In base 6, what is 405 + -2?
403
In base 4, what is -21 - 23131?
-23212
In base 12, what is -128a + 3?
-1287
In base 9, what is -147 + -3?
-151
In base 12, what is 65 + 2?
67
In base 2, what is -111101001 - -11101?
-111001100
In base 16, what is 1 - 27?
-26
In base 16, what is 0 - 362?
-362
In base 6, what is -1 + -121?
-122
In base 9, what is -28 - -370?
341
In base 11, what is 7a + 4?
83
In base 11, what is 2 + -297?
-295
In base 12, what is 0 - 9?
-9
In base 14, what is 0 - -4c?
4c
In base 9, what is 132 - -8?
141
In base 16, what is -77 + -3?
-7a
In base 12, what is 2 + -79?
-77
In base 13, what is 489 - -1?
48a
In base 3, what is -10011 + 201?
-2110
In base 6, what is -3001 - 2?
-3003
In base 16, what is -2 - 261?
-263
In base 15, what is -10 + 7a?
6a
In base 12, what is 1 + -32?
-31
In base 11, what is 25 - -4?
29
In base 15, what is -3 - 79?
-7c
In base 7, what is 12 + 2052?
2064
In base 3, what is -221 + 1000101?
222110
In base 3, what is 101 + -1022100?
-1021222
In base 3, what is 1101222 - -11?
1102010
In base 12, what is -30 + -148?
-178
In base 2, what is -10 - -1010100010?
1010100000
In base 16, what is 32c - -4?
330
In base 12, what is -12 + 2?
-10
In base 13, what is -756 - 6?
-75c
In base 14, what is -5 - 109?
-110
In base 3, what is 100 + -11011222?
-11011122
In base 4, what is -2011 + -1?
-2012
In base 3, what is -201 - -102210?
102002
In base 2, what is 11011111 + 101?
11100100
In base 11, what is -243 - -4?
-23a
In base 3, what is 11 + -1020221?
-1020210
In base 3, what is 10101 - 21010?
-10202
In base 15, what is -1 - 830?
-831
In base 3, what is -201 + -2112?
-10020
In base 10, what is -7 + 7?
0
In base 14, what is 72 + 3d?
b1
In base 13, what is -76 + 4?
-72
In base 3, what is 2 - -11020120?
11020122
In base 7, what is -3 + -6?
-12
In base 2, what is 1 - -101?
110
In base 7, what is 315 - 13?
302
In base 10, what is 136 - -5?
141
In base 4, what is 1 + -33231?
-33230
In base 8, what is 34 + 7?
43
In base 8, what is 14 + 12?
26
In base 7, what is -36 - 6?
-45
In base 4, what is -10 - -11000?
10330
In base 11, what is 2 + -256?
-254
In base 16, what is 0 + -93?
-93
In base 5, what is -3 - -1101?
1043
In base 16, what is -145 - 3?
-148
In base 8, what is -53 + 14?
-37
In base 5, what is 412 - 2?
410
In base 7, what is 0 + -64?
-64
In base 8, what is -766 + -5?
-773
In base 16, what is 1 - -d8?
d9
In base 11, what is 17 + -216?
-1aa
In base 11, what is -5 - -245a?
2455
In base 3, what is -10 - -22102?
22022
In base 11, what is -90 - 24?
-104
In base 8, what is 3247 - 4?
3243
In base 9, what is -640 - -18?
-621
In base 5, what is 203 + -213?
-10
In base 3, what is 21211 + -201?
21010
In base 5, what is 4241 - 21?
4220
In base 16, what is 29a - -3?
29d
In base 8, what is -14 + -5?
-21
In base 4, what is -322 + -1320?
-2302
In base 4, what is -2 + 1312?
1310
In base 5, what is 443 - -4?
1002
In base 5, what is 1 - -2240?
2241
In base 6, what is -1143 - 3?
-1150
In base 13, what is 147 + -5?
142
In base 9, what is 0 - 31?
-31
In base 3, what is -2011 - -1?
-2010
In base 9, what is 482 - -3?
485
In base 10, what is -1944 - -3?
-1941
In base 4, what is 1 - 310?
-303
In base 13, what is 0 - -211?
211
In base 8, what is 4 - -111?
115
In base 14, what is 5 - 630?
-629
In base 15, what is -1 - 1d?
-1e
In base 3, what is -202100 + 2?
-202021
In base 7, what is -603 - 146?
-1052
In base 14, what is c7 - 21?
a6
In base 7, what is -136 - 3?
-142
In base 3, what is 0 - -11121?
11121
In base 10, what is 2 - -186?
188
In base 9, what is -12 + -3?
-15
In base 8, what is -2171 + 5?
-2164
In base 11, what is -369 + -2?
-370
In base 6, what is 31 - -12?
43
In base 14, what is -1 - -6a?
69
In base 10, what is 7 + 122?
129
In base 11, what is 3 + -63?
-60
In base 7, what is 435 + 16?
454
In base 7, what is 5 + -1?
4
In base 12, what is -2 + -234?
-236
In base 6, what is -250 - -5?
-241
In base 9, what is -332 - -5?
-326
In base 11, what is -119 + -14?
-132
In base 3, what is 1221112 + -12?
1221100
In base 14, what is -3 - 66?
-69
In base 15, what is -15 - -d?
-7
In base 7, what is 2 - 253?
-251
In base 5, what is 10 + -4443?
-4433
In base 8, what is -754 - 3?
-757
In base 6, what is -1 - 534?
-535
In base 6, what is -35 + -351?
-430
In base 16, what is -354 - 4?
-358
In base 7, what is -2 + 232?
230
In base 16, what is f - 16?
-7
In base 14, what is 44 + -1d?
25
In base 12, what is -3 + -2665?
-2668
In base 2, what is -1001011001001 + -11?
-1001011001100
In base 9, what is -37 - 0?
-37
In base 15, what is -1 - 5b?
-5c
In base 5, what is -1 - -42?
41
In base 12, what is -15 - 56?
-6b
In base 5, what is 1 + -1324?
-1323
In base 4, what is 10 - -30202?
30212
In base 3, what is 11 + 1?
12
In base 13, what is -5 - -19?
14
In base 13, what is -8 + -1b9?
-1c4
In base 14, what is -49b - 0?
-49b
In base 14, what is -2a9 - -3?
-2a6
In base 12, what is -36a - -2?
-368
In base 15, what is -5b - 1b?
-77
In base 2, what is -110 - 110001?
-110111
In base 14, what is 5 - 11ca?
-11c5
In base 4, what is 110 + 11?
121
In base 14, what is 0 - -2b?
2b
In base 5, what is 1 + -12?
-11
In base 12, what is 4 - 1a?
-16
In base 10, what is -5 - -141?
136
In base 10, what is -170 - 6?
-176
In base 2, what is -110111100 - -101?
-110110111
In base 15, what is 4 - 26?
-22
In base 7, what is 2 + 140?
142
In base 12, what is 1746 + -3?
1743
In base 16, what is 3 - -126?
129
In base 6, what is 200 - -4?
204
In base 14, what is -52 - 2?
-54
In base 6, what is -54 - -23?
-31
In base 10, what is -30 - 80?
-110
In base 8, what is -106 + -1?
-107
In base 13, what is -43 + 2?
-41
In base 11, what is -4 + -175?
-179
In base 4, what is 2 + -200?
-132
In base 2, what is 101 - -10111101?
11000010
In base 15, what is 33e9 + 1?
33ea
In base 10, what is 1 + -80?
-79
In base 5, what is 11 + -24?
-13
In base 14, what is -68 - 5?
-6d
In base 4, what is -21103 - -2?
-21101
In base 15, what is -27 + 4?
-23
In base 4, what is 3 + -132?
-123
In base 13, what is 71 - 5?
69
In base 4, what is 2010021 - 2?
2010013
In base 15, what is 2 + 7?
9
In base 5, what is 3223 + 4?
3232
In base 14, what is 2 + 2b3?
2b5
In base 9, what is 646 + -1?
645
In base 9, what is 22 + 5?
27
In base 15, what is -5 - -6?
1
In base 10, what is 1 - -1220?
1221
In base 10, what is 812 + 5?
817
In base 12, what is 5 - -1b?
24
In base 6, what is -14 + -35?
-53
In base 16, what is -47e + 0?
-47e
In base 8, what is -261 - 20?
-301
In base 3, what is -21021 - 2?
-21100
In base 13, what is -c5 - 2?
-c7
In base 16, what is 4e + -c7?
-79
In base 10, what is -4 + -7?
-11
In base 11, what is 460 + 2?
462
In base 8, what is 43 - -6?
51
In base 13, what is 195a + -2?
1958
In base 2, what is -101 - -1001011?
1000110
In base 12, what is 65 - -5?
6a
In base 7, what is -1 - -652?
651
In base 5, what is -3 - 2?
-10
In base 7, what is 60043 + 1?
60044
In base 3, what is 2010 + 2122?
11202
In base 5, what is -4 + 1032?
1023
In base 15, what is 5b07 + 5?
5b0c
In base 6, what is -1103 + -12?
-1115
In base 2, what is -100001100 - -11?
-100001001
In base 5, what is -204 + -12?
-221
In base 4, what is -3 + 1202100?
1202031
In base 11, what is 162 + 2?
164
In base 8, what is -3 - -433?
430
In base 13, what is -27 - 37?
-61
In base 14, what is -1 + -5a7?
-5a8
In base 15, what is 9b - 8?
93
In base 14, what is -3608 + 0?
-3608
In base 5, what is -2 + -1410?
-1412
In base 2, what is -10011011 + -10?
-10011101
In base 14, what is -c + -47?
-55
In base 11, what is 1aa + 22?
221
In base 9, what is -22 - -7?
-14
In base 16, what is -1909 - 3?
-190c
In base 11, what is -1 - 294?
-295
In base 12, what is 0 + -67?
-67
In base 2, what is 1010100 - 1?
1010011
In base 10, what is -16 + 2?
-14
In base 12, what is 488 - 3?
485
In base 14, what is -a5 + -1?
-a6
In base 5, what is 41 + 2?
43
In base 11, what is -2 - -23a1?
239a
In base 13, what is 5 + -2a4?
-29c
In base 13, what is 0 + -43?
-43
In base 15, what is -2 - c6?
-c8
In base 10, w